to base 14.
-1
Convert -2 (base 11) to base 9.
-2
What is -52 (base 12) in base 2?
-111110
What is 11 (base 14) in base 5?
30
Convert 0 (base 8) to base 2.
0
-6 (base 16) to base 15
-6
Convert -1000100 (base 2) to base 11.
-62
-120 (base 3) to base 9
-16
Convert 0 (base 16) to base 4.
0
What is -1 (base 15) in base 14?
-1
Convert 0 (base 12) to base 13.
0
What is 5 (base 16) in base 10?
5
Convert 1 (base 9) to base 2.
1
Convert -10001 (base 2) to base 6.
-25
Convert 32 (base 6) to base 16.
14
c (base 16) to base 14
c
-5b (base 12) to base 3
-2122
What is -51 (base 7) in base 4?
-210
6 (base 7) to base 16
6
What is 31 (base 14) in base 9?
47
What is -3 (base 15) in base 6?
-3
3 (base 4) to base 9
3
7 (base 11) to base 3
21
-124 (base 6) to base 5
-202
Convert -ed (base 16) to base 11.
-1a6
47 (base 12) to base 8
67
1 (base 11) to base 8
1
Convert -2 (base 15) to base 16.
-2
What is 25 (base 6) in base 12?
15
27 (base 14) to base 12
2b
45 (base 15) to base 13
50
-2 (base 13) to base 4
-2
Convert 5 (base 7) to base 3.
12
What is -100 (base 5) in base 12?
-21
5 (base 16) to base 7
5
Convert 534 (base 6) to base 10.
202
-73 (base 13) to base 11
-86
What is -1 (base 15) in base 9?
-1
-1 (base 13) to base 4
-1
What is 100 (base 3) in base 7?
12
0 (base 11) to base 4
0
Convert -12 (base 8) to base 16.
-a
Convert -5 (base 6) to base 9.
-5
2 (base 14) to base 15
2
4 (base 15) to base 7
4
1110 (base 6) to base 4
10002
-5 (base 9) to base 11
-5
40 (base 8) to base 10
32
104 (base 6) to base 10
40
Convert 38 (base 11) to base 5.
131
What is -485 (base 9) in base 16?
-191
16 (base 14) to base 10
20
What is -151 (base 7) in base 14?
-61
Convert -8 (base 12) to base 11.
-8
Convert -13 (base 16) to base 2.
-10011
-445 (base 6) to base 5
-1143
What is 29 (base 15) in base 10?
39
What is -4 (base 8) in base 4?
-10
-20 (base 9) to base 3
-200
Convert 0 (base 7) to base 13.
0
-11 (base 3) to base 15
-4
Convert 11001 (base 2) to base 10.
25
450 (base 7) to base 8
347
Convert 32 (base 12) to base 8.
46
-3 (base 13) to base 7
-3
-9 (base 15) to base 9
-10
What is -4 (base 8) in base 6?
-4
202 (base 7) to base 15
6a
Convert -1233 (base 5) to base 13.
-11b
Convert 30 (base 4) to base 13.
c
What is -10 (base 9) in base 10?
-9
Convert -8 (base 14) to base 8.
-10
Convert 32 (base 11) to base 16.
23
-1 (base 13) to base 9
-1
3 (base 16) to base 2
11
226 (base 8) to base 13
b7
What is 1 (base 16) in base 15?
1
Convert -2 (base 14) to base 8.
-2
What is 0 (base 7) in base 5?
0
Convert -33 (base 11) to base 15.
-26
103 (base 6) to base 13
30
-2 (base 5) to base 12
-2
-1 (base 12) to base 15
-1
122 (base 5) to base 11
34
Convert 3 (base 6) to base 12.
3
What is -51 (base 6) in base 7?
-43
What is 0 (base 2) in base 4?
0
What is -301 (base 5) in base 11?
-6a
-1a (base 14) to base 7
-33
What is 199 (base 10) in base 3?
21101
What is 4 (base 5) in base 7?
4
Convert 6 (base 15) to base 3.
20
15 (base 11) to base 5
31
34 (base 5) to base 2
10011
What is 4 (base 15) in base 14?
4
Convert -1a5 (base 14) to base 4.
-11111
What is -28 (base 11) in base 12?
-26
What is 8 (base 15) in base 4?
20
Convert -3 (base 13) to base 9.
-3
25 (base 15) to base 14
27
What is -10 (base 2) in base 6?
-2
Convert -b7 (base 12) to base 13.
-a9
-6 (base 9) to base 6
-10
What is 24 (base 12) in base 10?
28
-11 (base 5) to base 7
-6
Convert 15 (base 10) to base 8.
17
2120 (base 3) to base 5
234
Convert 3 (base 7) to base 2.
11
1e (base 15) to base 7
41
What is -205 (base 6) in base 15?
-52
65 (base 12) to base 5
302
What is 22212 (base 3) in base 9?
285
What is -1333 (base 4) in base 2?
-1111111
Convert -3 (base 13) to base 11.
-3
-1 (base 16) to base 4
-1
What is 10 (base 2) in base 4?
2
Convert -3 (base 11) to base 14.
-3
-1 (base 7) to base 3
-1
Convert -31 (base 11) to base 9.
-37
What is -1110101 (base 2) in base 4?
-1311
Convert -320 (base 5) to base 7.
-151
What is -3 (base 5) in base 15?
-3
-a (base 16) to base 9
-11
Convert 7 (base 15) to base 3.
21
What is 56 (base 14) in base 16?
4c
-101 (base 6) to base 3
-1101
What is -7 (base 16) in base 7?
-10
232 (base 9) to base 4
2333
-3 (base 4) to base 10
-3
What is 17 (base 8) in base 12?
13
What is 0 (base 3) in base 5?
0
3 (base 7) to base 15
3
-163 (base 7) to base 6
-234
What is 30 (base 7) in base 15?
16
What is -76 (base 11) in base 15?
-58
31 (base 11) to base 12
2a
Convert 11 (base 11) to base 3.
110
Convert -30 (base 8) to base 12.
-20
What is 155 (base 7) in base 13?
6b
What is 11 (base 6) in base 7?
10
What is -1 (base 11) in base 5?
-1
Convert 3 (base 15) to base 16.
3
Convert 1 (base 5) to base 11.
1
Convert 201 (base 5) to base 12.
43
Convert -2 (base 9) to base 2.
-10
What is -43 (base 9) in base 4?
-213
What is 2 (base 14) in base 10?
2
Convert -41 (base 13) to base 2.
-110101
Convert -2 (base 12) to base 8.
-2
What is -413 (base 5) in base 8?
-154
What is -53 (base 12) in base 3?
-2100
What is 20 (base 11) in base 15?
17
Convert 1c (base 14) to base 5.
101
-1211 (base 4) to base 3
-10202
What is 2 (base 10) in base 13?
2
-318 (base 9) to base 3
-100122
20 (base 3) to base 10
6
Convert 25 (base 9) to base 13.
1a
What is -1 (base 6) in base 12?
-1
What is -1110110 (base 2) in base 13?
-91
Convert 25 (base 9) to base 6.
35
Convert -11 (base 4) to base 3.
-12
What is 4 (base 7) in base 16?
4
12101 (base 3) to base 14
a5
22 (base 6) to base 10
14
What is -7 (base 13) in base 10?
-7
Convert -2 (base 9) to base 11.
-2
Convert -6 (base 12) to base 6.
-10
3 (base 5) to base 9
3
Convert 10001 (base 2) to base 11.
16
1 (base 5) to base 13
1
Convert -56 (base 14) to base 12.
-64
What is -30 (base 5) in base 11?
-14
Convert -5 (base 8) to base 3.
-12
Convert -13 (base 6) to base 7.
-12
0 (base 4) to base 13
0
55 (base 15) to base 14
5a
What is -a5 (base 13) in base 10?
-135
Convert 1 (base 11) to base 10.
1
What is -23 (base 11) in base 3?
-221
-10110 (base 2) to base 8
-26
What is 8 (base 12) in base 4?
20
What is 47 (base 15) in base 2?
1000011
-3 (base 8) to base 13
-3
-127 (base 8) to base 6
-223
1 (base 7) to base 12
1
Convert -3 (base 9) to base 14.
-3
What is -46 (base 7) in base 10?
-34
Convert -55 (base 13) to base 16.
-46
Convert 3 (base 15) to base 7.
3
-12 (base 7) to base 11
-9
Convert 9 (base 11) to base 2.
1001
Convert -15 (base 12) to base 2.
-10001
Convert -1 (base 14) to base 5.
-1
Convert 11 (base 2) to base 7.
3
Convert 310 (base 4) to base 3.
1221
3 (base 15) to base 13
3
Convert -2 (base 15) to base 11.
-2
45 (base 14) to base 15
41
-1 (base 13) to base 3
-1
Convert -114 (base 7) to base 5.
-220
Convert 5 (base 11) to base 14.
5
Convert -1 (base 3) to base 13.
-1
Convert 9 (base 15) to base 7.
12
What is -2 (base 4) in base 6?
-2
What is -2 (base 11) in base 6?
-2
-322 (base 5) to base 7
-153
Convert 1001 (base 2) to base 6.
13
What is -5 (base 10) in base 15?
-5
104 (base 16) to base 14
148
What is c3 (base 13) in base 14?
b5
What is -220 (base 5) in base 2?
-111100
Convert -2 (base 9) to base 2.
-10
e (base 15) to base 13
11
What is -1 (base 15) in base 11?
-1
What is 44 (base 7) in base 12?
28
What is 11 (base 12) in base 6?
21
8 (base 13) to base 14
8
Convert 2 (base 12) to base 6.
2
Convert -11 (base 11) to base 14.
-c
Convert -4 (base 11) to base 6.
-4
Convert 2 (base 4) to base 6.
2
What is -133 (base 5) in base 15?
-2d
What is -b (base 14) in base 6?
-15
Convert -1010 (base 2) to base 9.
-11
Convert 3 (base 5) to base 15.
3
-13 (base 14) to base 4
-101
-58 (base 13) to base 15
-4d
Convert 14 (base 8) to base 11.
11
-2c (base 14) to base 15
-2a
Convert 3 (base 12) to base 11.
3
-10 (base 2) to base 6
-2
What is -24 (base 7) in base 3?
-200
Convert 5 (base 10) to base 16.
5
Convert -15 (base 16) to base 4.
-111
-41 (base 16) to base 8
-101
What is -133 (base 7) in base 14?
-53
What is -1 (base 15) in base 16?
-1
-134 (base 8) to base 3
-10102
-2 (base 7) to base 12
-2
What is 10 (base 3) in base 2?
11
89 (base 13) to base 14
81
1 (base 13) to base 12
1
What is e (base 15) in base 2?
1110
Convert 1021 (base 3) to base 12.
2a
Convert -80 (base 15) to base 16.
-78
-e (base 16) to base 9
-15
Convert -4 (base 13) to base 12.
-4
-10 (base 8) to base 15
-8
-3 (base 11) to base 12
-3
What is -10a (base 14) in base 3?
-21122